{"id":34,"date":"2016-01-08T13:06:11","date_gmt":"2016-01-08T12:06:11","guid":{"rendered":"http:\/\/www.pasieki-koneckie24.pl\/?page_id=34"},"modified":"2022-04-13T19:34:38","modified_gmt":"2022-04-13T17:34:38","slug":"druki-do-pobrania","status":"publish","type":"page","link":"https:\/\/www.pasieki-koneckie24.pl\/?page_id=34","title":{"rendered":"Druki do pobrania"},"content":{"rendered":"<h6 style=\"text-align: center;\"><span style=\"color: #0000ff;\"><img decoding=\"async\" loading=\"lazy\" class=\"alignnone size-medium wp-image-934\" src=\"https:\/\/www.pasieki-koneckie24.pl\/wp-content\/uploads\/2016\/10\/Pasieka-RKP-300x253.jpg\" alt=\"pasieka-rkp\" width=\"300\" height=\"253\" srcset=\"https:\/\/www.pasieki-koneckie24.pl\/wp-content\/uploads\/2016\/10\/Pasieka-RKP-300x253.jpg 300w, https:\/\/www.pasieki-koneckie24.pl\/wp-content\/uploads\/2016\/10\/Pasieka-RKP-768x648.jpg 768w, https:\/\/www.pasieki-koneckie24.pl\/wp-content\/uploads\/2016\/10\/Pasieka-RKP-1024x865.jpg 1024w, https:\/\/www.pasieki-koneckie24.pl\/wp-content\/uploads\/2016\/10\/Pasieka-RKP.jpg 1600w\" sizes=\"(max-width: 300px) 100vw, 300px\" \/><\/span><\/h6>\n<h6 style=\"text-align: center;\"><a href=\"https:\/\/www.pasieki-koneckie24.pl\/wp-content\/uploads\/2020\/05\/Statut-PZP-skan.pdf\">Statut Polskiego Zwi\u0105zku Pszczelarskiego<\/a><\/h6>\n<hr \/>\n<h6><a href=\"https:\/\/www.pasieki-koneckie24.pl\/wp-content\/uploads\/2022\/04\/Nowy-druk.pdf\"><span style=\"color: #000000;\">Wniosek do Powiatowego Lekarza Weterynarii w Ko\u0144skich.<\/span><\/a><\/h6>\n<p><a href=\"https:\/\/www.pasieki-koneckie24.pl\/wp-content\/uploads\/2022\/04\/Wniosek_pomoc_na_utrzymanie_Pszczol.pdf\"><strong>Wniosek do ARiMR o dofinansowanie dla pszczelarzy.<\/strong><\/a><\/p>\n<p><a href=\"https:\/\/www.pasieki-koneckie24.pl\/wp-content\/uploads\/2022\/04\/INSTRUKCJA_WYPELNIANIA_WNIOSKU.pdf\"><strong>Instrukcja wype\u0142nienia wniosku.<\/strong><\/a><\/p>\n<hr \/>\n<h6><span style=\"color: #0000ff;\"><strong>Zmiana warunk\u00f3w ubiegania si\u0119 o refundacj\u0119 koszt\u00f3w poniesionych na zakup sprz\u0119tu w latach 2020-2022.<\/strong><\/span><\/h6>\n<p><span style=\"color: #0000ff;\"><b><i>Dwunastego czerwca Komisja Europejska zatwierdzi\u0142a Krajowy Program Wsparcia Pszczelarstwa w Polsce na lata 2020-2022. Istotn\u0105 zmian<\/i><\/b><strong><em>a, jaka b\u0119dzie mia\u0142a zastosowanie w programie, jest ograniczenie grona beneficjent\u00f3w pomocy do pszczelarzy umieszczaj\u0105cych na rynku produkty pszczele zgodnie z obowiazujacymi przepisami prawa, na przyk\u0142ad w ramach rolniczego handlu detalicznego lub sprzeda\u017cy bezpo\u015bredniej.<\/em><\/strong><\/span><\/p>\n<h6 style=\"text-align: center;\"><span style=\"color: #ff0000;\">Poni\u017cej pliki do pobrania.<\/span><\/h6>\n<ul>\n<li>\u00a0<a href=\"https:\/\/www.pasieki-koneckie24.pl\/wp-content\/uploads\/2019\/10\/Ulotka_-RHD_i_sprzedazy_bezposredniej.pdf\" target=\"_blank\" rel=\"noopener noreferrer\">Ulotka RHD i sprzeda\u017cy bezpo\u015bredniej\u00a0<\/a><\/li>\n<li><a href=\"https:\/\/www.pasieki-koneckie24.pl\/wp-content\/uploads\/2019\/10\/Zam\u00f3wienie-na-sprz\u0119t-2019-2020-druk.pdf\" target=\"_blank\" rel=\"noopener noreferrer\">\u00a0Zam\u00f3wienie na sprz\u0119t 2019-2020<\/a><\/li>\n<li>\u00a0<a href=\"https:\/\/www.pasieki-koneckie24.pl\/wp-content\/uploads\/2019\/10\/RHD-Wymagania-weterynaryjne-.pdf\" target=\"_blank\" rel=\"noopener noreferrer\">RHD &#8211; wymagania weterynaryjne<\/a><\/li>\n<li><a href=\"https:\/\/www.pasieki-koneckie24.pl\/wp-content\/uploads\/2019\/10\/RHD-Rejestracja.pdf\" target=\"_blank\" rel=\"noopener noreferrer\">\u00a0RHD &#8211; rejestracja<\/a><\/li>\n<\/ul>\n<hr \/>\n<h6><span style=\"color: #000000;\">W poni\u017cszym tek\u015bcie zawarte s\u0105 materia\u0142y ze strony internetowej Polskiego Zwi\u0105zku Pszczelarskiego dotycz\u0105ce post\u0119powania w przypadku zatrucia i podejrzenia zatrucia pszcz\u00f3\u0142 \u015brodkami ochrony ro\u015blin.<\/span><\/h6>\n<p><span style=\"color: #ff0000;\">Post\u0119powanie w przypadku zatrucia pszcz\u00f3\u0142.\u2192<\/span><span style=\"color: #0000ff;\"><a style=\"color: #0000ff;\" href=\"https:\/\/www.pasieki-koneckie24.pl\/wp-content\/uploads\/2016\/01\/Post\u0119powanie-w-przypadku-zatrucia-pszcz\u00f3\u0142.doc\" rel=\"\">(plik do wgl\u0105du)<\/a><\/span><\/p>\n<h6><span style=\"color: #0000ff;\"><span style=\"color: #ff0000;\">Protok\u00f3\u0142 (zatrucie pszcz\u00f3\u0142)\u2192<\/span><a href=\"https:\/\/www.pasieki-koneckie24.pl\/wp-content\/uploads\/2016\/01\/protok\u00f3\u0142-zatrucie-pszcz\u00f3\u0142.doc\" rel=\"\"> <span style=\"color: #0000ff;\">(plik do pobrania)<\/span><\/a><\/span><\/h6>\n<h6><span style=\"text-decoration: underline; color: #000000;\">Poni\u017cej instrukcja z bezp\u0142atnego programu\u00a0 &#8222;<\/span><span style=\"color: #000000;\">&#8230;..badania<\/span> <span style=\"color: #000000;\">ostrego zatrucia pszcz\u00f3\u0142 \u015brodkami ochrony ro\u015blin&#8230;.&#8221;<\/span><span style=\"text-decoration: underline; color: #000000;\"><br \/>\n<\/span><\/h6>\n<h6><span style=\"color: #ff0000;\">Instrukcja post\u0119powania przy pobieraniu pr\u00f3bek \u2026 przy podejrzeniu o ostre zatrucie pszcz\u00f3\u0142 \u015brodkami ochrony ro\u015blin\u00a0 <span style=\"color: #0000ff;\"><a style=\"color: #0000ff;\" href=\"http:\/\/zwiazek-pszczelarski.pl\/wp-content\/uploads\/2015\/04\/PszczelarzPolski2015.nr04.s16-18-Instrukcja-postepowania-przy-pobieraniu-probek-...-przy-podejrzeniu-o-ostre-zatrucie-pszczol-srodkami-ochrony-roslin-wgladowka-150dpi.pdf\">(do wgl\u0105du tu\u2192 <\/a><\/span><\/span><em><strong><span style=\"color: #ff0000;\"><span style=\"color: #0000ff;\"><a style=\"color: #0000ff; text-decoration: underline;\" href=\"http:\/\/zwiazek-pszczelarski.pl\/wp-content\/uploads\/2015\/04\/PszczelarzPolski2015.nr04.s16-18-Instrukcja-postepowania-przy-pobieraniu-probek-...-przy-podejrzeniu-o-ostre-zatrucie-pszczol-srodkami-ochrony-roslin-wgladowka-150dpi.pdf\">plik <\/a><\/span><\/span><\/strong><\/em><span style=\"color: #ff0000;\"><span style=\"color: #0000ff;\"><a style=\"color: #0000ff;\" href=\"http:\/\/zwiazek-pszczelarski.pl\/wp-content\/uploads\/2015\/04\/PszczelarzPolski2015.nr04.s16-18-Instrukcja-postepowania-przy-pobieraniu-probek-...-przy-podejrzeniu-o-ostre-zatrucie-pszczol-srodkami-ochrony-roslin-wgladowka-150dpi.pdf\">)<\/a><\/span><\/span><\/h6>\n<hr \/>\n","protected":false},"excerpt":{"rendered":"<p>Statut Polskiego Zwi\u0105zku Pszczelarskiego Wniosek do Powiatowego Lekarza Weterynarii w Ko\u0144skich. Wniosek do ARiMR o dofinansowanie dla pszczelarzy. Instrukcja wype\u0142nienia wniosku. Zmiana warunk\u00f3w ubiegania si\u0119 o refundacj\u0119 koszt\u00f3w poniesionych na zakup sprz\u0119tu w latach 2020-2022. Dwunastego czerwca Komisja Europejska zatwierdzi\u0142a Krajowy Program Wsparcia Pszczelarstwa w Polsce na lata 2020-2022. Istotn\u0105 zmiana, jaka b\u0119dzie mia\u0142a zastosowanie &hellip; <a href=\"https:\/\/www.pasieki-koneckie24.pl\/?page_id=34\" class=\"more-link\">Czytaj dalej <span class=\"screen-reader-text\">Druki do pobrania<\/span> <span class=\"meta-nav\">&rarr;<\/span><\/a><\/p>\n","protected":false},"author":1,"featured_media":897,"parent":0,"menu_order":0,"comment_status":"closed","ping_status":"closed","template":"","meta":[],"_links":{"self":[{"href":"https:\/\/www.pasieki-koneckie24.pl\/index.php?rest_route=\/wp\/v2\/pages\/34"}],"collection":[{"href":"https:\/\/www.pasieki-koneckie24.pl\/index.php?rest_route=\/wp\/v2\/pages"}],"about":[{"href":"https:\/\/www.pasieki-koneckie24.pl\/index.php?rest_route=\/wp\/v2\/types\/page"}],"author":[{"embeddable":true,"href":"https:\/\/www.pasieki-koneckie24.pl\/index.php?rest_route=\/wp\/v2\/users\/1"}],"replies":[{"embeddable":true,"href":"https:\/\/www.pasieki-koneckie24.pl\/index.php?rest_route=%2Fwp%2Fv2%2Fcomments&post=34"}],"version-history":[{"count":25,"href":"https:\/\/www.pasieki-koneckie24.pl\/index.php?rest_route=\/wp\/v2\/pages\/34\/revisions"}],"predecessor-version":[{"id":3212,"href":"https:\/\/www.pasieki-koneckie24.pl\/index.php?rest_route=\/wp\/v2\/pages\/34\/revisions\/3212"}],"wp:featuredmedia":[{"embeddable":true,"href":"https:\/\/www.pasieki-koneckie24.pl\/index.php?rest_route=\/wp\/v2\/media\/897"}],"wp:attachment":[{"href":"https:\/\/www.pasieki-koneckie24.pl\/index.php?rest_route=%2Fwp%2Fv2%2Fmedia&parent=34"}],"curies":[{"name":"wp","href":"https:\/\/api.w.org\/{rel}","templated":true}]}}