{"id":24,"date":"2015-09-27T20:37:41","date_gmt":"2015-09-27T18:37:41","guid":{"rendered":"http:\/\/www.pasieki-koneckie24.pl\/?page_id=24"},"modified":"2024-12-21T02:50:12","modified_gmt":"2024-12-21T01:50:12","slug":"pasieka-laskowka","status":"publish","type":"page","link":"https:\/\/www.pasieki-koneckie24.pl\/?page_id=24","title":{"rendered":"Rejonowe Ko\u0142o Pszczelarzy w Ko\u0144skich"},"content":{"rendered":"<p style=\"text-align: justify;\"><a href=\"https:\/\/www.pasieki-koneckie24.pl\/wp-content\/uploads\/2015\/09\/Pasieka-RGB-B.jpg\">\u00a0 \u00a0 \u00a0 \u00a0 \u00a0 \u00a0 \u00a0 \u00a0 \u00a0 \u00a0 \u00a0 \u00a0 \u00a0\u00a0 \u00a0 <img decoding=\"async\" loading=\"lazy\" class=\"alignnone size-medium wp-image-934\" src=\"https:\/\/www.pasieki-koneckie24.pl\/wp-content\/uploads\/2016\/10\/Pasieka-RKP-300x253.jpg\" alt=\"pasieka-rkp\" width=\"300\" height=\"253\" srcset=\"https:\/\/www.pasieki-koneckie24.pl\/wp-content\/uploads\/2016\/10\/Pasieka-RKP-300x253.jpg 300w, https:\/\/www.pasieki-koneckie24.pl\/wp-content\/uploads\/2016\/10\/Pasieka-RKP-768x648.jpg 768w, https:\/\/www.pasieki-koneckie24.pl\/wp-content\/uploads\/2016\/10\/Pasieka-RKP-1024x865.jpg 1024w, https:\/\/www.pasieki-koneckie24.pl\/wp-content\/uploads\/2016\/10\/Pasieka-RKP.jpg 1600w\" sizes=\"(max-width: 300px) 100vw, 300px\" \/><\/a><\/p>\n<hr \/>\n<p>\u00a0<\/p>\n<p><span style=\"color: #000000;\">Rejonowe Ko\u0142o Pszczelarzy w Ko\u0144skich liczy 83 cz\u0142onk\u00f3w, kt\u00f3rzy posiadaj\u0105 1628 rodzin pszczelich.\u015arednia statystyczna pasieka liczy 20 ula.Pszczelarze gospodarz\u0105 w ulach wielkopolskich, warszawskich poszerzanych i zwyk\u0142ych oraz Ostrowskiej. Kilku koleg\u00f3w prowadzi gospodark\u0119 w\u0119drown\u0105, wywo\u017c\u0105c pszczo\u0142y na rzepak, gryk\u0119 i spad\u017a. Zdecydowana wi\u0119kszo\u015b\u0107 pasiek usytuowana jest na terenie gminy Ko\u0144skie, ale stacjonuj\u0105 r\u00f3wnie\u017c w gm. Gowarcz\u00f3w, Radoszyce, Ruda Maleniecka, St\u0105pork\u00f3w, \u017barn\u00f3w i Smyk\u00f3w. Wszystkie pasieki s\u0105 ubezpieczone od O.C. oraz obj\u0119te opiek\u0105 weterynaryjn\u0105. Wsp\u00f3\u0142pracuj\u0105c z w\u0142adzami samorz\u0105dowymi, nasi pszczelarze prowadz\u0105 liczne nasadzenia drzew i krzew\u00f3w miododajnych, wzbogacaj\u0105c baz\u0119 po\u017cytkow\u0105 pszcz\u00f3\u0142. Dzi\u0119ki przychylno\u015bci dyrekcji \u015awi\u0119tokrzyskiego O\u015brodka Doradztwa Rolniczego w Modliszewicach, pszczelarze mog\u0105 bezp\u0142atnie korzysta\u0107 z sali wyk\u0142adowej na kt\u00f3rej odbywaj\u0105 si\u0119 zebrania Ko\u0142a, szkolenia prowadzone przez naukowc\u00f3w z dziedziny pszczelarstwa, oraz spotkania ze znanymi pszczelarzami \u2013 praktykami. Rejonowe Ko\u0142o Pszczelarzy w Ko\u0144skich dba o dobros\u0105siedzkie stosunki z o\u015bciennymi Ko\u0142ami, a szczeg\u00f3lnie z Ko\u0142em w Fa\u0142kowie, St\u0105porkowie i Radoszycach. \u015acis\u0142\u0105 wsp\u00f3\u0142prac\u0119 Zarz\u0105d Ko\u0142a utrzymuje ze \u015awi\u0119tokrzyskim Zwi\u0105zkiem Pszczelarzy w Kielcach w zakresie szkole\u0144, zaopatrzenia pszczelarzy w pasz\u0119 dla pszcz\u00f3\u0142, w leki, w\u0119z\u0119 oraz realizacji program\u00f3w pomocowych Agencji Rynku Rolnego.<\/span><\/p>\n<hr \/>\n<p>Cz\u0142onkowie Ko\u0142a wed\u0142ug grup wiekowych:<\/p>\n<p>do 20 lat \u2013 0\u00a0\u00a0\u00a0\u00a0 \u00a0 \u00a0 21-30 lat \u2013 1\u00a0 \u00a0 \u00a0 \u00a0 31-40 lat \u2013 3 \u00a0 \u00a0\u00a0 41-50 lat \u2013 14\u00a0\u00a0\u00a0 \u00a0 \u00a0\u00a0 51-60 lat \u2013 17\u00a0\u00a0 \u00a0 \u00a0 61-70 lat \u2013 28\u00a0 \u00a0 \u00a0 71-80 lat \u2013 5\u00a0 \u00a0 \u00a0\u00a0\u00a0\u00a0 pow. 80 lat \u2013 4<\/p>\n<hr \/>\n<p>Ilo\u015b\u0107 rodzin pszczelich\u00a0 w poszczeg\u00f3lnych grupach wiekowych<\/p>\n<p>do 20 lat \u2013 0\u00a0\u00a0 \u00a0 \u00a0 \u00a0 21-30 lat \u2013 6\u00a0 \u00a0 \u00a0\u00a0 31-40 lat \u2013 17\u00a0\u00a0 \u00a0 \u00a0\u00a0 41-50 lat \u2013 383\u00a0\u00a0 \u00a0\u00a0 \u00a0 51-60 lat \u2013 420 \u00a0 \u00a0 \u00a0 \u00a0 \u00a0 \u00a0\u00a0 61-70 lat \u2013 583 \u00a0 \u00a0 \u00a0\u00a0\u00a0\u00a0\u00a0\u00a0\u00a0\u00a0 71-80 lat \u2013 113 \u00a0 \u00a0 \u00a0 \u00a0\u00a0 \u00a0\u00a0 pow. 80 lat \u2013 61<\/p>\n<p>\u00a0<\/p>\n<hr \/>\n<p><a href=\"https:\/\/www.pasieki-koneckie24.pl\/wp-content\/uploads\/2015\/09\/Poland_location_map.svg_.png\"><img decoding=\"async\" loading=\"lazy\" class=\"wp-image-86 size-thumbnail aligncenter\" src=\"https:\/\/www.pasieki-koneckie24.pl\/wp-content\/uploads\/2015\/09\/Poland_location_map.svg_-173x173.png\" alt=\"Poland_location_map.svg\" width=\"173\" height=\"173\" \/><\/a><\/p>\n<p style=\"text-align: center;\">\u2026my w Polsce\u2026.<\/p>\n<hr \/>\n<figure id=\"attachment_85\" class=\"wp-caption alignnone\"><\/figure>\n\n\n<table class=\"wp-block-table aligncenter has-fixed-layout\"><tbody><tr><td><img decoding=\"async\" loading=\"lazy\" width=\"100\" height=\"100\" class=\"wp-image-84\" style=\"width: 100px;\" alt=\"\" src=\"https:\/\/www.pasieki-koneckie24.pl\/wp-content\/uploads\/2015\/09\/100px-POL_Konskie_COA_PioM.svg_.png\">Miasto Ko\u0144skie<\/td><td><img decoding=\"async\" loading=\"lazy\" width=\"100\" height=\"117\" class=\"wp-image-85\" style=\"width: 100px;\" alt=\"\" src=\"https:\/\/www.pasieki-koneckie24.pl\/wp-content\/uploads\/2015\/09\/100px-POL_powiat_konecki_flag.svg_.png\">Powiat Konecki<\/td><\/tr><\/tbody><\/table>\n\n\n\n<table class=\"wp-block-table aligncenter has-fixed-layout\"><tbody><tr><td><img decoding=\"async\" loading=\"lazy\" width=\"3208\" height=\"3538\" class=\"wp-image-622\" style=\"width: 150px;\" alt=\"\" src=\"https:\/\/www.pasieki-koneckie24.pl\/wp-content\/uploads\/2016\/04\/100_6108-1.jpg\" srcset=\"https:\/\/www.pasieki-koneckie24.pl\/wp-content\/uploads\/2016\/04\/100_6108-1.jpg 3208w, https:\/\/www.pasieki-koneckie24.pl\/wp-content\/uploads\/2016\/04\/100_6108-1-272x300.jpg 272w, https:\/\/www.pasieki-koneckie24.pl\/wp-content\/uploads\/2016\/04\/100_6108-1-768x847.jpg 768w, https:\/\/www.pasieki-koneckie24.pl\/wp-content\/uploads\/2016\/04\/100_6108-1-928x1024.jpg 928w\" sizes=\"(max-width: 3208px) 100vw, 3208px\" \/>Sztandar RKPwK<\/td><td><img decoding=\"async\" loading=\"lazy\" width=\"3216\" height=\"3554\" class=\"wp-image-623\" style=\"width: 150px;\" src=\"https:\/\/www.pasieki-koneckie24.pl\/wp-content\/uploads\/2016\/04\/100_6107-1.jpg\" alt=\"\" srcset=\"https:\/\/www.pasieki-koneckie24.pl\/wp-content\/uploads\/2016\/04\/100_6107-1.jpg 3216w, https:\/\/www.pasieki-koneckie24.pl\/wp-content\/uploads\/2016\/04\/100_6107-1-271x300.jpg 271w, https:\/\/www.pasieki-koneckie24.pl\/wp-content\/uploads\/2016\/04\/100_6107-1-768x849.jpg 768w, https:\/\/www.pasieki-koneckie24.pl\/wp-content\/uploads\/2016\/04\/100_6107-1-927x1024.jpg 927w\" sizes=\"(max-width: 3216px) 100vw, 3216px\" \/><\/td><\/tr><\/tbody><\/table>\n","protected":false},"excerpt":{"rendered":"<p>\u00a0 \u00a0 \u00a0 \u00a0 \u00a0 \u00a0 \u00a0 \u00a0 \u00a0 \u00a0 \u00a0 \u00a0 \u00a0\u00a0 \u00a0 \u00a0 Rejonowe Ko\u0142o Pszczelarzy w Ko\u0144skich liczy 83 cz\u0142onk\u00f3w, kt\u00f3rzy posiadaj\u0105 1628 rodzin pszczelich.\u015arednia statystyczna pasieka liczy 20 ula.Pszczelarze gospodarz\u0105 w ulach wielkopolskich, warszawskich poszerzanych i zwyk\u0142ych oraz Ostrowskiej. Kilku koleg\u00f3w prowadzi gospodark\u0119 w\u0119drown\u0105, wywo\u017c\u0105c pszczo\u0142y na rzepak, gryk\u0119 i spad\u017a. &hellip; <a href=\"https:\/\/www.pasieki-koneckie24.pl\/?page_id=24\" class=\"more-link\">Czytaj dalej <span class=\"screen-reader-text\">Rejonowe Ko\u0142o Pszczelarzy w Ko\u0144skich<\/span> <span class=\"meta-nav\">&rarr;<\/span><\/a><\/p>\n","protected":false},"author":1,"featured_media":0,"parent":1780,"menu_order":0,"comment_status":"closed","ping_status":"closed","template":"","meta":[],"_links":{"self":[{"href":"https:\/\/www.pasieki-koneckie24.pl\/index.php?rest_route=\/wp\/v2\/pages\/24"}],"collection":[{"href":"https:\/\/www.pasieki-koneckie24.pl\/index.php?rest_route=\/wp\/v2\/pages"}],"about":[{"href":"https:\/\/www.pasieki-koneckie24.pl\/index.php?rest_route=\/wp\/v2\/types\/page"}],"author":[{"embeddable":true,"href":"https:\/\/www.pasieki-koneckie24.pl\/index.php?rest_route=\/wp\/v2\/users\/1"}],"replies":[{"embeddable":true,"href":"https:\/\/www.pasieki-koneckie24.pl\/index.php?rest_route=%2Fwp%2Fv2%2Fcomments&post=24"}],"version-history":[{"count":67,"href":"https:\/\/www.pasieki-koneckie24.pl\/index.php?rest_route=\/wp\/v2\/pages\/24\/revisions"}],"predecessor-version":[{"id":1828,"href":"https:\/\/www.pasieki-koneckie24.pl\/index.php?rest_route=\/wp\/v2\/pages\/24\/revisions\/1828"}],"up":[{"embeddable":true,"href":"https:\/\/www.pasieki-koneckie24.pl\/index.php?rest_route=\/wp\/v2\/pages\/1780"}],"wp:attachment":[{"href":"https:\/\/www.pasieki-koneckie24.pl\/index.php?rest_route=%2Fwp%2Fv2%2Fmedia&parent=24"}],"curies":[{"name":"wp","href":"https:\/\/api.w.org\/{rel}","templated":true}]}}