{"id":1702,"date":"2019-09-16T16:14:19","date_gmt":"2019-09-16T14:14:19","guid":{"rendered":"http:\/\/www.pasieki-koneckie24.pl\/?page_id=1702"},"modified":"2025-09-16T09:50:40","modified_gmt":"2025-09-16T07:50:40","slug":"aaa-strona-glowna","status":"publish","type":"page","link":"https:\/\/www.pasieki-koneckie24.pl\/","title":{"rendered":"Strona G\u0142\u00f3wna"},"content":{"rendered":"\n<figure class=\"wp-block-video\"><video autoplay loop muted src=\"https:\/\/www.pasieki-koneckie24.pl\/wp-content\/uploads\/2019\/09\/ST.mp4\"><\/video><\/figure>\n\n\n\n<h4 class=\"wp-block-heading\"><em>Ostatnio dodane &#8230;<\/em><\/h4>\n\n\n<ul class=\"wp-block-latest-posts__list has-dates wp-block-latest-posts\"><li><a class=\"wp-block-latest-posts__post-title\" href=\"https:\/\/www.pasieki-koneckie24.pl\/?p=5410\">Zapisy na matki i leki.<\/a><time datetime=\"2026-05-01T11:24:15+02:00\" class=\"wp-block-latest-posts__post-date\">1 maja 2026<\/time><\/li>\n<li><a class=\"wp-block-latest-posts__post-title\" href=\"https:\/\/www.pasieki-koneckie24.pl\/?p=5402\">Komunikat Inspekcji Weterynaryjnej.<\/a><time datetime=\"2026-03-26T14:58:13+01:00\" class=\"wp-block-latest-posts__post-date\">26 marca 2026<\/time><\/li>\n<li><a class=\"wp-block-latest-posts__post-title\" href=\"https:\/\/www.pasieki-koneckie24.pl\/?p=5399\">Wiosenne zebranie pszczelarskie.<\/a><time datetime=\"2026-02-18T15:28:58+01:00\" class=\"wp-block-latest-posts__post-date\">18 lutego 2026<\/time><\/li>\n<li><a class=\"wp-block-latest-posts__post-title\" href=\"https:\/\/www.pasieki-koneckie24.pl\/?p=5388\">Wyp\u0142ata refundacji.<\/a><time datetime=\"2025-12-02T23:37:29+01:00\" class=\"wp-block-latest-posts__post-date\">2 grudnia 2025<\/time><\/li>\n<li><a class=\"wp-block-latest-posts__post-title\" href=\"https:\/\/www.pasieki-koneckie24.pl\/?p=5375\">Konferencja naukowa dla pszczelarzy.<\/a><time datetime=\"2025-10-12T15:12:20+02:00\" class=\"wp-block-latest-posts__post-date\">12 pa\u017adziernika 2025<\/time><\/li>\n<\/ul>\n\n\n<h4 class=\"wp-block-heading\"><strong><em>Czy wiesz, \u017ce<\/em><\/strong> &#8230;<\/h4>\n\n\n\n<p class=\"has-text-color has-normal-font-size\" style=\"color:#0b07f2\"><strong><em>W trakcie lotu godowego do pochwy kr\u00f3lowej trafia od 10 do 180 milion\u00f3w plemnik\u00f3w. Doros\u0142y trute\u0144 mo\u017ce wyprodukowa\u0107 oko\u0142o 10 milion\u00f3w kom\u00f3rek nasiennych. I chcia\u017c m\u0142oda matka odb\u0119dzie kilka stosunk\u00f3w prokreacyjnych to i tak do zbiorniczka nasiennego mo\u017ce trafi\u0107 do 8 milion\u00f3w plemnik\u00f3w. <\/em><\/strong><\/p>\n\n\n\n<h4 class=\"wp-block-heading\"><em>Tu jeste\u015bmy<\/em><\/h4>\n\n\n\n<iframe src=\"https:\/\/www.google.com\/maps\/embed?pb=!1m18!1m12!1m3!1d79992.20409803162!2d20.286868254852877!3d51.20514059889582!2m3!1f0!2f0!3f0!3m2!1i1024!2i768!4f13.1!3m3!1m2!1s0x471827ec84d97995%3A0x1ef025364c4c195a!2s%C5%9Awi%C4%99tokrzyski%20O%C5%9Brodek%20Doradztwa%20Rolniczego%20w%20Modliszewicach!5e0!3m2!1spl!2spl!4v1722166647392!5m2!1spl!2spl\" width=\"600\" height=\"280\" style=\"border:0;\" allowfullscreen=\"\" loading=\"lazy\" referrerpolicy=\"no-referrer-when-downgrade\"><\/iframe>\n","protected":false},"excerpt":{"rendered":"<p>Ostatnio dodane &#8230; Czy wiesz, \u017ce &#8230; W trakcie lotu godowego do pochwy kr\u00f3lowej trafia od 10 do 180 milion\u00f3w plemnik\u00f3w. Doros\u0142y trute\u0144 mo\u017ce wyprodukowa\u0107 oko\u0142o 10 milion\u00f3w kom\u00f3rek nasiennych. I chcia\u017c m\u0142oda matka odb\u0119dzie kilka stosunk\u00f3w prokreacyjnych to i tak do zbiorniczka nasiennego mo\u017ce trafi\u0107 do 8 milion\u00f3w plemnik\u00f3w. Tu jeste\u015bmy<\/p>\n","protected":false},"author":1,"featured_media":0,"parent":0,"menu_order":0,"comment_status":"closed","ping_status":"closed","template":"","meta":[],"_links":{"self":[{"href":"https:\/\/www.pasieki-koneckie24.pl\/index.php?rest_route=\/wp\/v2\/pages\/1702"}],"collection":[{"href":"https:\/\/www.pasieki-koneckie24.pl\/index.php?rest_route=\/wp\/v2\/pages"}],"about":[{"href":"https:\/\/www.pasieki-koneckie24.pl\/index.php?rest_route=\/wp\/v2\/types\/page"}],"author":[{"embeddable":true,"href":"https:\/\/www.pasieki-koneckie24.pl\/index.php?rest_route=\/wp\/v2\/users\/1"}],"replies":[{"embeddable":true,"href":"https:\/\/www.pasieki-koneckie24.pl\/index.php?rest_route=%2Fwp%2Fv2%2Fcomments&post=1702"}],"version-history":[{"count":66,"href":"https:\/\/www.pasieki-koneckie24.pl\/index.php?rest_route=\/wp\/v2\/pages\/1702\/revisions"}],"predecessor-version":[{"id":5373,"href":"https:\/\/www.pasieki-koneckie24.pl\/index.php?rest_route=\/wp\/v2\/pages\/1702\/revisions\/5373"}],"wp:attachment":[{"href":"https:\/\/www.pasieki-koneckie24.pl\/index.php?rest_route=%2Fwp%2Fv2%2Fmedia&parent=1702"}],"curies":[{"name":"wp","href":"https:\/\/api.w.org\/{rel}","templated":true}]}}